{"id":196,"date":"2016-01-30T20:42:42","date_gmt":"2016-01-30T20:42:42","guid":{"rendered":"http:\/\/marochinariesaba.ro\/?post_type=product&#038;p=196"},"modified":"2025-01-18T07:50:47","modified_gmt":"2025-01-18T07:50:47","slug":"piatra-speciala-pentru-ascutit","status":"publish","type":"product","link":"https:\/\/marochinariesaba.ro\/index.php\/produs\/piatra-speciala-pentru-ascutit\/","title":{"rendered":"Piatr\u0103 special\u0103 pentru ascu\u0163it"},"content":{"rendered":"","protected":false},"excerpt":{"rendered":"","protected":false},"featured_media":118,"comment_status":"open","ping_status":"closed","template":"","meta":[],"_links":{"self":[{"href":"https:\/\/marochinariesaba.ro\/index.php\/wp-json\/wp\/v2\/product\/196"}],"collection":[{"href":"https:\/\/marochinariesaba.ro\/index.php\/wp-json\/wp\/v2\/product"}],"about":[{"href":"https:\/\/marochinariesaba.ro\/index.php\/wp-json\/wp\/v2\/types\/product"}],"replies":[{"embeddable":true,"href":"https:\/\/marochinariesaba.ro\/index.php\/wp-json\/wp\/v2\/comments?post=196"}],"wp:featuredmedia":[{"embeddable":true,"href":"https:\/\/marochinariesaba.ro\/index.php\/wp-json\/wp\/v2\/media\/118"}],"wp:attachment":[{"href":"https:\/\/marochinariesaba.ro\/index.php\/wp-json\/wp\/v2\/media?parent=196"}],"curies":[{"name":"wp","href":"https:\/\/api.w.org\/{rel}","templated":true}]}}