{"id":192,"date":"2016-01-30T20:33:40","date_gmt":"2016-01-30T20:33:40","guid":{"rendered":"http:\/\/marochinariesaba.ro\/?post_type=product&#038;p=192"},"modified":"2025-03-20T14:29:13","modified_gmt":"2025-03-20T14:29:13","slug":"catarama-pentru-curea-barbati-30mm","status":"publish","type":"product","link":"https:\/\/marochinariesaba.ro\/index.php\/produs\/catarama-pentru-curea-barbati-30mm\/","title":{"rendered":"Cataram\u0103 pentru curea b\u0103rba\u0163i &#8211; 30mm"},"content":{"rendered":"","protected":false},"excerpt":{"rendered":"","protected":false},"featured_media":155,"comment_status":"open","ping_status":"closed","template":"","meta":[],"_links":{"self":[{"href":"https:\/\/marochinariesaba.ro\/index.php\/wp-json\/wp\/v2\/product\/192"}],"collection":[{"href":"https:\/\/marochinariesaba.ro\/index.php\/wp-json\/wp\/v2\/product"}],"about":[{"href":"https:\/\/marochinariesaba.ro\/index.php\/wp-json\/wp\/v2\/types\/product"}],"replies":[{"embeddable":true,"href":"https:\/\/marochinariesaba.ro\/index.php\/wp-json\/wp\/v2\/comments?post=192"}],"wp:featuredmedia":[{"embeddable":true,"href":"https:\/\/marochinariesaba.ro\/index.php\/wp-json\/wp\/v2\/media\/155"}],"wp:attachment":[{"href":"https:\/\/marochinariesaba.ro\/index.php\/wp-json\/wp\/v2\/media?parent=192"}],"curies":[{"name":"wp","href":"https:\/\/api.w.org\/{rel}","templated":true}]}}