{"id":177,"date":"2016-01-30T16:52:56","date_gmt":"2016-01-30T16:52:56","guid":{"rendered":"http:\/\/marochinariesaba.ro\/?post_type=product&#038;p=177"},"modified":"2024-04-15T20:33:36","modified_gmt":"2024-04-15T20:33:36","slug":"catarama-incaltaminte-25mm-satin","status":"publish","type":"product","link":"https:\/\/marochinariesaba.ro\/index.php\/produs\/catarama-incaltaminte-25mm-satin\/","title":{"rendered":"Cataram\u0103 \u00eenc\u0103l\u0163\u0103minte 25mm satin"},"content":{"rendered":"","protected":false},"excerpt":{"rendered":"","protected":false},"featured_media":162,"comment_status":"open","ping_status":"closed","template":"","meta":[],"_links":{"self":[{"href":"https:\/\/marochinariesaba.ro\/index.php\/wp-json\/wp\/v2\/product\/177"}],"collection":[{"href":"https:\/\/marochinariesaba.ro\/index.php\/wp-json\/wp\/v2\/product"}],"about":[{"href":"https:\/\/marochinariesaba.ro\/index.php\/wp-json\/wp\/v2\/types\/product"}],"replies":[{"embeddable":true,"href":"https:\/\/marochinariesaba.ro\/index.php\/wp-json\/wp\/v2\/comments?post=177"}],"wp:featuredmedia":[{"embeddable":true,"href":"https:\/\/marochinariesaba.ro\/index.php\/wp-json\/wp\/v2\/media\/162"}],"wp:attachment":[{"href":"https:\/\/marochinariesaba.ro\/index.php\/wp-json\/wp\/v2\/media?parent=177"}],"curies":[{"name":"wp","href":"https:\/\/api.w.org\/{rel}","templated":true}]}}